4080 a multiple of 80?
True
Is 286 a factor of 484820908?
True
Is 625797100 a multiple of 100?
True
Is 9 a factor of 50400999?
True
Does 27 divide 946296756?
True
Does 66 divide 3595031880?
True
Is 1868 a factor of 1182356204?
True
Is 47164860 a multiple of 15?
True
Is 28 a factor of 1331116?
False
Does 37 divide 1526166121?
True
Does 13 divide 2915286132?
False
Is 32 a factor of 32892256?
True
Does 856 divide 117979912?
True
Does 93 divide 3083681259?
True
Is 249 a factor of 345002946?
True
Is 65092532 a multiple of 37?
False
Is 24189452 a multiple of 406?
False
Does 82 divide 51037702?
True
Is 295294500 a multiple of 1266?
True
Is 37 a factor of 147888106?
False
Does 1485 divide 234671580?
True
Does 12 divide 320231724?
True
Does 417 divide 24208320?
False
Is 8809 a factor of 1079895310?
True
Is 134 a factor of 49508391?
False
Is 21727032 a multiple of 984?
False
Is 4921951 a multiple of 203?
False
Is 972 a factor of 136228716?
True
Does 6 divide 207987351?
False
Is 10 a factor of 15025104?
False
Is 1968 a factor of 34904940?
False
Is 22 a factor of 713229198?
True
Does 20 divide 53670500?
True
Is 134668408 a multiple of 4?
True
Is 1570874465 a multiple of 4205?
True
Is 2492887006 a multiple of 6?
False
Does 10 divide 36937000?
True
Is 408801330 a multiple of 277?
False
Is 28 a factor of 4805080?
True
Does 178 divide 28960600?
True
Does 128 divide 3008475648?
True
Is 9865674 even?
True
Is 280 a factor of 1916288440?
False
Is 13726532 a multiple of 87?
False
Does 11 divide 1387671582?
True
Is 80 a factor of 63073440?
True
Does 8 divide 19102025?
False
Does 676 divide 3970092?
False
Is 4885 a factor of 857312773?
False
Is 19431422 a multiple of 25?
False
Does 12 divide 4729186963?
False
Is 40237344 even?
True
Is 221796786 a multiple of 13?
False
Is 1715381 a multiple of 61?
True
Does 30 divide 529170?
True
Is 36 a factor of 74949588?
True
Does 61 divide 121013386?
True
Is 12858172 a multiple of 3?
False
Does 62 divide 9634490?
True
Does 6274 divide 2171020680?
False
Does 26 divide 11482640?
True
Is 974273676 a multiple of 14?
False
Does 4 divide 15791176?
True
Is 182 a factor of 357336798?
True
Does 22 divide 849828210?
True
Is 168 a factor of 1340502912?
True
Is 132607815 a multiple of 1011?
True
Is 284003233 a multiple of 92?
False
Is 151086385 a multiple of 5?
True
Does 108 divide 37436256?
True
Is 1598 a factor of 2386163717?
False
Is 18 a factor of 198451118?
False
Is 3509037 a multiple of 49?
True
Does 145 divide 999162955?
True
Does 10 divide 12119101?
False
Does 1473 divide 22395492?
True
Does 6490 divide 186133200?
True
Does 53 divide 16150319?
True
Is 2411891870 a multiple of 115?
False
Is 25 a factor of 116202872?
False
Does 168 divide 623237496?
True
Does 29 divide 90510640?
False
Does 38 divide 32358460?
False
Does 381 divide 823212935?
False
Does 6 divide 1314322232?
False
Is 1164667642 a multiple of 216?
False
Does 56 divide 450642864?
True
Does 42 divide 322081609?
False
Does 2206 divide 5281164?
True
Is 11129 a factor of 2957991943?
False
Does 102 divide 320320392?
True
Does 696 divide 857627904?
True
Is 1384953054 a multiple of 487?
False
Is 9 a factor of 932061366?
True
Is 6459724 a multiple of 176?
False
Is 412 a factor of 18975587?
False
Is 383 a factor of 41871858?
True
Does 78 divide 3273348?
True
Is 1723377946 a multiple of 197?
False
Is 2252141643 a multiple of 21?
False
Does 1509 divide 5236230?
True
Does 1130 divide 3524538930?
True
Is 1355 a factor of 19750735?
False
Is 1522993101 a multiple of 825?
False
Does 3 divide 116834610?
True
Is 1474 a factor of 237283046?
True
Is 212 a factor of 32705876?
True
Does 14 divide 857486?
True
Is 682662682 a multiple of 1928?
False
Is 117116199 a multiple of 544?
False
Is 25070971 a multiple of 31?
True
Does 7 divide 164857833?
True
Is 6738 a factor of 463008408?
True
Does 25 divide 214466285?
False
Is 45454832 a multiple of 464?
True
Is 26395954 a multiple of 208?
False
Is 1034 a factor of 15295218?
False
Is 81506094 a multiple of 6?
True
Is 745059900 a multiple of 269?
False
Is 29063052 a multiple of 4?
True
Does 243 divide 290419636?
False
Is 295 a factor of 104769516?
False
Does 11 divide 23627566?
False
Is 10 a factor of 27852860?
True
Does 14 divide 698251932?
True
Does 6 divide 4730828491?
False
Does 493 divide 258781123?
True
Is 41769147 a multiple of 36?
False
Does 12 divide 21799075?
False
Is 433774129 a multiple of 12?
False
Does 102 divide 130446841?
False
Is 143199450 a multiple of 436?
False
Does 338 divide 15192117?
False
Is 161 a factor of 186259129?
True
Does 37 divide 618707932?
True
Is 240688152 a multiple of 8?
True
Does 13 divide 23716667?
True
Does 4140 divide 64972500?
False
Is 2766 a factor of 1917421626?
True
Does 3 divide 4433923?
False
Is 563 a factor of 137620283?
True
Does 10 divide 24842654?
False
Is 106582041 a multiple of 5361?
True
Does 2215 divide 69949700?
True
Is 2647703136 a multiple of 39?
True
Does 61 divide 261603258?
True
Is 343 a factor of 21090102?
False
Is 1098 a factor of 626340582?
False
Is 17 a factor of 153370141?
True
Is 1165528 a multiple of 56?
True
Is 175 a factor of 12133934?
False
Is 999 a factor of 920586492?
True
Is 54 a factor of 10385352?
False
Is 6066 a factor of 865562802?
False
Is 84 a factor of 11466840?
True
Does 2655 divide 1473227640?
True
Is 106 a factor of 192359578?
True
Does 110 divide 21992395?
False
Does 232 divide 505973240?
False
Is 1496741396 a multiple of 1155?
False
Is 9 a factor of 539494605?
True
Is 25 a factor of 123506101?
False
Is 1516749 a multiple of 12?
False
Does 8 divide 54434392?
True
Is 69086493 a multiple of 27?
True
Is 85455236 a multiple of 3173?
True
Is 592125280 a multiple of 377?
False
Does 6 divide 3259457442?
True
Does 816 divide 329238385?
False
Is 33 a factor of 14981315?
False
Is 47 a factor of 559270155?
True
Does 251 divide 17330015?
False
Does 354 divide 1630383108?
True
Does 29 divide 146117486?
True
Is 110349468 a multiple of 119?
False
Is 21 a factor of 1094627250?
False
Does 98 divide 3134955308?
False
Is 361346885 a multiple of 382?
False
Is 27 a factor of 1363986?
True
Is 256 a factor of 696279686?
False
Is 80696078 a multiple of 4206?
False
Does 30 divide 62179456?
False
Is 867 a factor of 154243635?
True
Is 41579398 a multiple of 442?
False
Is 422503506 a multiple of 12?
False
Is 123 a factor of 17758125?
True
Does 21 divide 1583929396?
False
Is 126934716 a multiple of 402?
True
Does 10 divide 771807510?
True
Is 6 a factor of 6542894?
False
Does 54 divide 440489069?
False
Does 1171 divide 290816577?
False
Does 1379 divide 21350845?
False
Does 173 divide 2075293?
False
Is 65319606 a multiple of 22?
True
Is 46 a factor of 58493761?
False
Does 76 divide 21929116?
True
Is 85718748 a multiple of 534?
True
Is 21 a factor of 9007120313?
False
Is 7 a factor of 14391758?
False
Is 21 a factor of 399218824?
False
Is 401498638 a multiple of 1211?
False
Is 1457834599 a multiple of 3593?
True
Is 15885450 a multiple of 2870?
True
Is 399825894 a multiple of 78?
True
Is 3 a factor of 988506?
True
Does 16 divide 2221175355?
False
Is 215238122 a multiple of 17?
True
Is 224414424 a multiple of 199?
False
Is 254899183 a multiple of 203?
True
Is 1403249757 a multiple of 4?
False
Is 211 a factor of 1552888305?
False
Is 3615 a factor of 128101140?
True
Is 433 a factor of 32513117?
False
Is 7 a factor of 35136721?
False
Does 168 divide 336271047?
False
Does 859 divide 3308868?
True
Is 35622672 a multiple of 87?
True
Is 8718147 a multiple of 46?
False
Does 4 divide 19355409?
False
Is 2933 a factor of 259989620?
False
Does 42 divide 3038658?
True
Is 4 a factor of 19315904?
True
Is 173 a factor of 30275865?
True
Is 8 a factor of 547523304?
True
Is 895969011 a multiple of 2841?
True
Does 171 divide 54391681?
False
Does 14 divide 951953951?
False
Does 5267 divide 94273234?
False
Is 87015711 a multiple of 10?
False
Is 38444952 a multiple of 26?
True
Does 720 divide 3312730080?
True
Is 88619469 a multiple of 5?
False
Is 2236 a factor of 47322704?
True
Is 13 a factor of 182981721?
True
Is 17887611 a multiple of 148?
False
Does 55 divide 3051316565?
True
Is 236836944 a multiple of 5232?
True
Is 87 a factor of 540599701?
False
Does 1346 divide 4569194833?
False
Is 362 a factor of 56572998?
True
Is 12